-r*h, 0*f - 4*h = -4*f + 456. List the prime factors of f.
7, 17
Let a = -6 - -10. Suppose w + 56 - 147 = a*i, 3*w + 35 = -2*i. Let v = 43 + i. List the prime factors of v.
3, 7
Let l(i) = 7*i**3 - 8*i**2 + 22*i - 7. List the prime factors of l(6).
19, 71
Let w(m) be the third derivative of -7*m**2 + 0 + m**3 + 11/24*m**4 + 0*m. List the prime factors of w(4).
2, 5
List the prime factors of 8 + 1723 + (1 - -6) + -15.
1723
Let g be 9/6 - (-4)/(-8). Let q be -4*(1 - 45/g). What are the prime factors of (q/4)/4 - 1?
2, 5
Let t = -41 - -512. What are the prime factors of t?
3, 157
Let k(p) = -p**3 + 3*p**2 + 2*p + 17. Let a be k(7). Let w = 298 + a. List the prime factors of w.
7, 19
Let u(g) = -37*g - 17. Let j be u(4). Let l = j + 239. List the prime factors of l.
2, 37
Let f = 3 - -1. List the prime factors of 92/(3/(f - 1)).
2, 23
Suppose -3 - 15 = -9*l. Suppose -l*v + 7 = -v. What are the prime factors of v?
7
Let w = 15 + -11. Let m be (-2)/(-7) - w/14. Suppose m = -s + 15 + 4. What are the prime factors of s?
19
Let u = 1403 - 633. What are the prime factors of u?
2, 5, 7, 11
Let x be (-7)/((-21)/(-36)) + -2. Let v(b) = b**2 + 12*b - 9. Let d be v(x). Suppose -5*p = -38 + 13, 2*p - d = -j. What are the prime factors of j?
3
Let s(p) = p + 19. Let z be s(-14). What are the prime factors of 4 + (-15)/z + 99/1?
2, 5
Suppose -21 = -2*y + 5*y. Let x(h) = 2*h + 16. What are the prime factors of x(y)?
2
Let p(v) = -v + 198. Let o be p(0). Let q be ((-2)/2 - -3) + o. What are the prime factors of 6/8*q/5?
2, 3, 5
Let j = 51 - -859. What are the prime factors of j?
2, 5, 7, 13
What are the prime factors of (36/(-21))/(-6) + (-373031)/(-119)?
3, 5, 11, 19
Let k = 943 - 871. What are the prime factors of k?
2, 3
Let c(v) = 2*v + 20. List the prime factors of c(-9).
2
Suppose 9*q = -2*l + 4*q, -3*l - 4*q + 14 = 0. Let s(r) = 6 - 3*r + 2*r + l + 0. List the prime factors of s(0).
2
List the prime factors of (6 + -2)*2*(-671)/(-22).
2, 61
Suppose 0 = 5*o - 0*o - 15. Suppose 16 + 101 = o*f. What are the prime factors of f?
3, 13
Suppose 7 = 5*t - 3. Suppose -4*p = -11 - 9, z = t*p + 9. What are the prime factors of z?
19
Suppose 3*m + 3*x = 0, 0 = 4*m - 2*x - 8 - 4. Suppose 0 = o + 2*s - 18, 5*s - 3 = o - m*o. What are the prime factors of o?
2, 7
Let z(x) = 5*x + 5. Suppose -2*o = -5*w - 39, 4*w + 3*o + 14 + 8 = 0. Let s be z(w). What are the prime factors of (-5)/s + (-214)/(-12)?
2, 3
Let i = -55 - -95. What are the prime factors of i/24*144/1?
2, 3, 5
Let b(c) = -c + 15 + 4*c - 2*c - 3*c. Suppose -3*g - f - 29 = 0, 2*g - 3*f = -0*f - 23. List the prime factors of b(g).
5, 7
Suppose 1460 = 4*i + 4*w, -i = -5*w - 104 - 231. What are the prime factors of i?
2, 3, 5
Suppose j + 35 = -2*s, -s - 5*j = 4 - 0. Let c = s - -22. Suppose -5*y = g - 94, c*g + 2*g - 92 = -4*y. List the prime factors of y.
2, 3
Suppose -2*f + 34 = 4*l + l, 3*l = f + 16. Let u(g) = -l*g + g**3 + 2*g - 9*g**2 + 2*g + 8 + 3*g. List the prime factors of u(9).
17
Suppose g + 5*f = 4*f - 12, -10 = 5*g - 5*f. Let s be 2/g + 24/84. Suppose 0*i + 2*i - 36 = s. What are the prime factors of i?
2, 3
Let g be 5271/42 - 2/(-4). Let a = g + -30. What are the prime factors of a?
2, 3
Let y = -938 - -1710. What are the prime factors of y?
2, 193
Let i(a) = -a**3 + 6. Suppose -2*t = 2*t + 28. Let k = t - -4. What are the prime factors of i(k)?
3, 11
Suppose 2*h = 2, 3*o - 3*h = -h + 100. Let c = -12 + o. List the prime factors of c.
2, 11
Suppose 4*x = 5*n + 676, 845 = 5*x + 6*n - 3*n. List the prime factors of x.
13
Suppose -h - 208 = -2*x + 54, -2*h = -3*x + 394. Suppose 3*n = -109 - 161. Let c = n + x. What are the prime factors of c?
2, 5
Let a = 1159 + -667. List the prime factors of a.
2, 3, 41
Suppose -7*p + 10927 = -49. List the prime factors of p.
2, 7
Let y(g) = -g**2 - 44*g + 7. What are the prime factors of y(-14)?
7, 61
Let n(p) = -2*p - 5. Let k be n(-5). Suppose 4*i - 20 = 0, q + k*i - 260 = -4*q. List the prime factors of q.
47
Suppose -2212 = -3*a - 4*a. Suppose -2*p + 212 = 2*u, -3*p + 0*u + a = u. What are the prime factors of p?
3, 5, 7
Let g be ((-2)/4)/(13/26). Let z = g - -3. Suppose 2*r + 6 = 0, -2*h + 225 = z*h - 3*r. What are the prime factors of h?
2, 3
Let i be (-6 - (-4 - -1)) + 1. What are the prime factors of (246/12)/((-1)/i)?
41
Let j be ((-2148)/8)/(-3)*2. Let s = -125 + j. List the prime factors of s.
2, 3
Let f(x) = 6*x - 53. Suppose -6*n + 22 = -4*n. What are the prime factors of f(n)?
13
List the prime factors of (-1 + 501)*3*3/9.
2, 5
Let a = 22 - 20. Suppose 5*m + 20 = -3*v + 313, -2*m + a = 0. List the prime factors of v.
2, 3
Suppose 0 = 4*z + 5*i + 34, 36 = z - 6*z - 3*i. Let o be (z/12)/(1/(-30)). List the prime factors of o*(2 + (-2)/6).
5
Suppose -4*y - 5*z = -3*z - 20702, -20705 = -4*y - z. What are the prime factors of y?
31, 167
Let j(q) be the second derivative of -q**4/3 - q**3/3 - 7*q**2/2 - 9*q. Let t(i) be the first derivative of j(i). List the prime factors of t(-1).
2, 3
Let j be (-2)/3 + 200/(-6). Let w be (12/8)/((-1)/j). Suppose -1 = 2*n - w. List the prime factors of n.
5
Let f(q) = -q**3 - 13*q**2 + q - 19. Let w be f(-13). Let i = w + 51. What are the prime factors of i?
19
Suppose -22*t + 23*t = -58. Let v = t - -69. List the prime factors of v.
11
Suppose 68*i = 48*i + 63480. What are the prime factors of i?
2, 3, 23
Suppose -11*f = -9*f. Suppose -3*x + 5*b - 45 = f, -1 = -4*x - b - 38. Let s = -7 - x. List the prime factors of s.
3
Let h = -199 - -99. What are the prime factors of (4 + (-18)/4)*h?
2, 5
Let v = 3 + -4. Let b be (-1)/2*(1 + v). Suppose b = 5*p - 0 - 25. What are the prime factors of p?
5
Let g(j) = -j**3 - 3*j**2 + 4*j + 3. Let b be g(-4). Suppose -2*w - b*u = -126, -w - 4*u + 39 = -24. List the prime factors of w.
3, 7
Let l(t) = -t**3 + t**2 - 5*t + 4. Let b be l(1). List the prime factors of 262/(-6)*(-7 - b - -3).
131
Let a = -23 + 14. Let w be (5 - (-21)/(-9))/((-2)/12). List the prime factors of a/((-10)/w - 1).
2, 3
Let t(i) = i**2 - 10*i + 4. Suppose 2*z = z + 8. Let w be t(z). Let d = w - -25. What are the prime factors of d?
13
Suppose 0 = -4*o + 6*o + 6. Let y be 2/4*-10*o. Let i = y - 7. List the prime factors of i.
2
Let q be 4 - 0/4*-1. Suppose -q*r + 134 = -2*k + 370, k - 3*r - 113 = 0. List the prime factors of k.
2
Suppose 3*r + 52 = 514. Let z = 238 - r. What are the prime factors of z?
2, 3, 7
Let n(t) = -t**3 - 2*t**2 + 3*t. Let l be n(-3). Suppose -m + 5 + 21 = l. Let f = m + 6. What are the prime factors of f?
2
Suppose 2*c = -4*p + 2822, 60*c - 64*c + 5651 = p. List the prime factors of c.
3, 157
Let n = -31 + 11. Let d be (-8)/12 - n/(-6). List the prime factors of (d*(-58)/(-4))/(-2).
29
Let k = -1569 + 3021. What are the prime factors of k?
2, 3, 11
Let o = 3 + 1. Suppose 0 = 4*h - o*t + 2*t + 54, h - t + 12 = 0. Let i = h + 21. What are the prime factors of i?
2, 3
Let f(o) = -20*o**3 - 9*o**2 - 11*o - 13. List the prime factors of f(-5).
7, 331
Suppose -2*b + 10 = 50. Let t = b + 36. What are the prime factors of t?
2
Let m = -44 - -107. Let y = m + -2. List the prime factors of y.
61
Let o = -18 + 22. Suppose 5*x - 150 = x + s, -o*s - 8 = 0. List the prime factors of x.
37
Suppose q + 4*q = 5*s - 3145, s = -4*q + 654. List the prime factors of s.
2, 317
Let w(m) be the first derivative of -m**3/3 - 11*m**2 - 31*m - 23. What are the prime factors of w(-14)?
3
Suppose 0 = -86*j - 80 - 92. Let r(b) = 2*b**2 + 5*b + 3. Let h be r(-4). Let u = h + j. What are the prime factors of u?
13
Let l(f) = 2316*f**2 + 6. List the prime factors of l(1).
2, 3, 43
Let r = -103 - -201. List the prime factors of r.
2, 7
Let o be (-1)/((-52)/(-28) + -2). Suppose -4*g + o*g - 207 = 0. List the prime factors of g.
3, 23
Suppose 8*p + 6112 - 41512 = 0. What are the prime factors of p?
3, 5, 59
Let x(q) be the second derivative of 1/12*q**4 - q**3 - 7*q**2 + 0 - 8*q. What are the prime factors of x(9)?
13
Let t(p) = 1710*p + 29. What are the prime factors of t(1)?
37, 47
Let l = 745 - 385. Suppose -9*r = -3*r - l. List the prime factors of r.
2, 3, 5
Suppose 4*w - 106 = 6*b - 0*w, 55 = -5*b - 5*w. Let l be 1/(-1) + 3*7. List the prime factors of b/((-6)/l*1).
2, 5
Let g(c) = 10*c**2 - 38*c - 57. What are the pr